{"id":5071,"date":"2024-11-27T14:18:33","date_gmt":"2024-11-27T14:18:33","guid":{"rendered":"https:\/\/www.evang-hermagor.at\/?page_id=5071"},"modified":"2024-11-27T14:18:33","modified_gmt":"2024-11-27T14:18:33","slug":"familiengottesdienst","status":"publish","type":"page","link":"https:\/\/www.evang-hermagor.at\/?page_id=5071","title":{"rendered":"Familiengottesdienst"},"content":{"rendered":"\n<h2 class=\"wp-block-heading\"><strong>Ein Fest der Gemeinschaft f\u00fcr die ganze Familie<\/strong><\/h2>\n\n\n\n<p class=\"has-large-font-size\">In regelm\u00e4\u00dfigen Abst\u00e4nden oder zu besonderen kirchlichen Anl\u00e4ssen l\u00e4dt unsere Gemeinde herzlich zu einem Familiengottesdienst ein. Diese besondere Art des Gottesdienstes ist ein inspirierendes und vielf\u00e4ltiges Ereignis, das alle Generationen anspricht. Es ist eine wunderbare Gelegenheit f\u00fcr die ganze Familie, den Glauben auf spielerische und gemeinschaftliche Weise zu erleben. Besonders die Kinder haben die M\u00f6glichkeit, aktiv in das religi\u00f6se Leben und die Gemeinschaft der Kirche eingebunden zu werden.<\/p>\n\n\n\n<p class=\"has-large-font-size\">Unsere Familiengottesdienste sind kindgerecht gestaltet und bieten eine hervorragende Gelegenheit, biblische Geschichten und christliche Werte auf verst\u00e4ndliche und ansprechende Weise zu vermitteln. Durch die gemeinsame Feier und die aktive Beteiligung der ganzen Familie wird das Gemeinschaftsgef\u00fchl innerhalb der Kirchengemeinde gest\u00e4rkt. Diese Gottesdienste f\u00f6rdern das Bewusstsein f\u00fcr die Bedeutung der Familie im religi\u00f6sen und allt\u00e4glichen Leben.<\/p>\n\n\n\n<figure class=\"wp-block-image size-full is-resized\"><img loading=\"lazy\" decoding=\"async\" width=\"479\" height=\"122\" src=\"https:\/\/www.evang-hermagor.at\/wp-content\/uploads\/2024\/02\/240228Abstand.jpg\" alt=\"\" class=\"wp-image-2130\" style=\"width:200px\" srcset=\"https:\/\/www.evang-hermagor.at\/wp-content\/uploads\/2024\/02\/240228Abstand.jpg 479w, https:\/\/www.evang-hermagor.at\/wp-content\/uploads\/2024\/02\/240228Abstand-300x76.jpg 300w\" sizes=\"auto, (max-width: 479px) 100vw, 479px\" \/><\/figure>\n\n\n\n<div class=\"wp-block-columns is-layout-flex wp-container-core-columns-is-layout-9d6595d7 wp-block-columns-is-layout-flex\">\n<div class=\"wp-block-column is-layout-flow wp-block-column-is-layout-flow\" style=\"flex-basis:35%\"><\/div>\n\n\n\n<div class=\"wp-block-column is-layout-flow wp-block-column-is-layout-flow\" style=\"flex-basis:50%\">\n<figure class=\"wp-block-image size-full\"><img loading=\"lazy\" decoding=\"async\" width=\"401\" height=\"81\" src=\"https:\/\/www.evang-hermagor.at\/wp-content\/uploads\/2024\/10\/241027Hoeren01.jpg\" alt=\"\" class=\"wp-image-4205\" srcset=\"https:\/\/www.evang-hermagor.at\/wp-content\/uploads\/2024\/10\/241027Hoeren01.jpg 401w, https:\/\/www.evang-hermagor.at\/wp-content\/uploads\/2024\/10\/241027Hoeren01-300x61.jpg 300w\" sizes=\"auto, (max-width: 401px) 100vw, 401px\" \/><\/figure>\n\n\n\n<details class=\"wp-block-details is-layout-flow wp-block-details-is-layout-flow\"><summary>Bastian Basse \u266b<\/summary>\n<p> Liederpfarrer &#8211; &#8222;Das ist toll&#8220; www.liederpfarrer.de<\/p>\n<\/details>\n<\/div>\n\n\n\n<div class=\"wp-block-column is-layout-flow wp-block-column-is-layout-flow\" style=\"flex-basis:15%\">\n<figure class=\"wp-block-embed is-type-video is-provider-youtube wp-block-embed-youtube wp-embed-aspect-16-9 wp-has-aspect-ratio\"><div class=\"wp-block-embed__wrapper\">\n<iframe loading=\"lazy\" title=\"Bastian Basse \u266b Liederpfarrer - &quot;Das ist toll&quot; (Akustikversion)\" width=\"760\" height=\"428\" src=\"https:\/\/www.youtube.com\/embed\/uEdfmn9bZO8?feature=oembed\" frameborder=\"0\" allow=\"accelerometer; autoplay; clipboard-write; encrypted-media; gyroscope; picture-in-picture; web-share\" referrerpolicy=\"strict-origin-when-cross-origin\" allowfullscreen><\/iframe>\n<\/div><\/figure>\n<\/div>\n<\/div>\n\n\n<div class=\"wp-block-image\">\n<figure class=\"alignright size-full is-resized\"><img loading=\"lazy\" decoding=\"async\" width=\"479\" height=\"122\" src=\"https:\/\/www.evang-hermagor.at\/wp-content\/uploads\/2024\/02\/240228Abstand.jpg\" alt=\"\" class=\"wp-image-2130\" style=\"width:200px\" srcset=\"https:\/\/www.evang-hermagor.at\/wp-content\/uploads\/2024\/02\/240228Abstand.jpg 479w, https:\/\/www.evang-hermagor.at\/wp-content\/uploads\/2024\/02\/240228Abstand-300x76.jpg 300w\" sizes=\"auto, (max-width: 479px) 100vw, 479px\" \/><\/figure>\n<\/div>\n\n\n<p class=\"has-large-font-size\">Anders als traditionelle Gottesdienste zeichnen sich Familiengottesdienste durch fr\u00f6hlichere, modernere und eing\u00e4ngigere Lieder aus, die oft von Bewegungen oder Instrumenten begleitet werden, bei denen Kinder mitmachen k\u00f6nnen. Die Atmosph\u00e4re ist locker und fr\u00f6hlich, um eine einladende und kinderfreundliche Umgebung zu schaffen.<\/p>\n\n\n\n<p class=\"has-large-font-size\">Die Predigten und Lesungen sind einfacher und kindgerechter formuliert, oft durch Geschichten und Erz\u00e4hlungen, die unsere Kleinen ansprechen. H\u00e4ufig gibt es interaktive Elemente wie kleine Theaterst\u00fccke oder Spiele, bei denen die Kinder aktiv teilnehmen k\u00f6nnen.<\/p>\n\n\n\n<p class=\"has-large-font-size\">Unsere Familiengottesdienste sind eine herzliche Einladung an alle, gemeinsam in die Welt des Glaubens einzutauchen und die Freude an der Gemeinschaft zu erleben. Kommen Sie vorbei und feiern Sie mit uns!<\/p>\n\n\n\n<figure class=\"wp-block-image size-full is-resized\"><img loading=\"lazy\" decoding=\"async\" width=\"479\" height=\"122\" src=\"https:\/\/www.evang-hermagor.at\/wp-content\/uploads\/2024\/02\/240228Abstand.jpg\" alt=\"\" class=\"wp-image-2130\" style=\"width:200px\" srcset=\"https:\/\/www.evang-hermagor.at\/wp-content\/uploads\/2024\/02\/240228Abstand.jpg 479w, https:\/\/www.evang-hermagor.at\/wp-content\/uploads\/2024\/02\/240228Abstand-300x76.jpg 300w\" sizes=\"auto, (max-width: 479px) 100vw, 479px\" \/><\/figure>\n\n\n\n<div class=\"wp-block-columns is-layout-flex wp-container-core-columns-is-layout-9d6595d7 wp-block-columns-is-layout-flex\">\n<div class=\"wp-block-column is-layout-flow wp-block-column-is-layout-flow\">\n<div style=\"height:111px\" aria-hidden=\"true\" class=\"wp-block-spacer\"><\/div>\n\n\n\n<p class=\"has-large-font-size\">Martin Luther hatte ein ziemlich hohes Ansehen von der Familie und verglich sie sogar mit einem von Gott gesegneten \u201eHerrgottswinkel\u201c des Alltags. Er betonte, dass die Ehe nicht nur ein Vertrag ist, sondern ein g\u00f6ttliches Geschenk. Die Familie sollte, so Luther, der Mittelpunkt des Lebens sein\u2014quasi das Zentrum der h\u00e4uslichen Reformation, wo das Leben ordentlich verwaltet wird.<\/p>\n\n\n\n<div style=\"height:40px\" aria-hidden=\"true\" class=\"wp-block-spacer\"><\/div>\n\n\n\n<p class=\"has-large-font-size\">Luther sah die Aufgaben von Ehefrau <strong>und <\/strong>Ehemann als segensreich an, auch wenn diese manchmal wie die \u201eKreuze des Alltags\u201c erscheinen m\u00f6gen. Er ermutigte Paare, ihre Ehe ernst zu nehmen und sie als eine wichtige Aufgabe im Dienste Gottes zu betrachten\u2014auch wenn dies bedeutete, dass man beim Sp\u00fclen von T\u00f6pfen und Pfannen ein fr\u00f6hliches Halleluja anstimmen musste.<\/p>\n<\/div>\n\n\n\n<div class=\"wp-block-column is-layout-flow wp-block-column-is-layout-flow\">\n<figure class=\"wp-block-image size-full\"><img loading=\"lazy\" decoding=\"async\" width=\"550\" height=\"390\" src=\"https:\/\/www.evang-hermagor.at\/wp-content\/uploads\/2024\/11\/241127FamilienGottesdienstTitelFoto01.jpg\" alt=\"\" class=\"wp-image-5070\" srcset=\"https:\/\/www.evang-hermagor.at\/wp-content\/uploads\/2024\/11\/241127FamilienGottesdienstTitelFoto01.jpg 550w, https:\/\/www.evang-hermagor.at\/wp-content\/uploads\/2024\/11\/241127FamilienGottesdienstTitelFoto01-300x213.jpg 300w\" sizes=\"auto, (max-width: 550px) 100vw, 550px\" \/><\/figure>\n\n\n\n<blockquote class=\"wp-block-quote is-layout-flow wp-block-quote-is-layout-flow\">\n<p class=\"has-accent-color has-text-color has-link-color has-large-font-size wp-elements-bf31a2fdd0a881e1da6bb35c34b00930\"><em>Die Familie ist die erste Schule des Glaubens und der Tugend<\/em>.<\/p>\n<\/blockquote>\n\n\n\n<blockquote class=\"wp-block-quote is-layout-flow wp-block-quote-is-layout-flow\">\n<p class=\"has-accent-color has-text-color has-link-color has-large-font-size wp-elements-a9e6aad6ccb4961acd55d56f00b61e20\"><em>Ein guter Ehemann und eine gute Ehefrau sind ein Segen f\u00fcr die ganze Familie.<\/em><\/p>\n<\/blockquote>\n<\/div>\n<\/div>\n\n\n\n<p class=\"has-large-font-size\">Luther f\u00f6rderte eine positive und respektvolle Sicht auf die Ehe und das Familienleben und setzte damit das Fundament daf\u00fcr, dass man selbst beim Schnarchen des Ehepartners ein g\u00f6ttliches Lied h\u00f6ren kann. So sorgte Luther daf\u00fcr, dass die Familie nicht nur ein Ort des Glaubens, sondern auch der humorvollen Gelassenheit wurde. Schlie\u00dflich ist nichts heiliger als ein herzliches Lachen am Esstisch.<\/p>\n\n\n\n<figure class=\"wp-block-image size-full is-resized\"><img loading=\"lazy\" decoding=\"async\" width=\"479\" height=\"122\" src=\"https:\/\/www.evang-hermagor.at\/wp-content\/uploads\/2024\/02\/240228Abstand.jpg\" alt=\"\" class=\"wp-image-2130\" style=\"width:200px\" srcset=\"https:\/\/www.evang-hermagor.at\/wp-content\/uploads\/2024\/02\/240228Abstand.jpg 479w, https:\/\/www.evang-hermagor.at\/wp-content\/uploads\/2024\/02\/240228Abstand-300x76.jpg 300w\" sizes=\"auto, (max-width: 479px) 100vw, 479px\" \/><\/figure>\n\n\n\n<div class=\"wp-block-columns is-layout-flex wp-container-core-columns-is-layout-9d6595d7 wp-block-columns-is-layout-flex\">\n<div class=\"wp-block-column is-layout-flow wp-block-column-is-layout-flow\"><div class=\"wp-block-image\">\n<figure class=\"alignright size-full is-resized\"><img loading=\"lazy\" decoding=\"async\" width=\"345\" height=\"455\" src=\"https:\/\/www.evang-hermagor.at\/wp-content\/uploads\/2024\/11\/241114Gottesdienst01.jpg\" alt=\"\" class=\"wp-image-4753\" style=\"width:450px\" srcset=\"https:\/\/www.evang-hermagor.at\/wp-content\/uploads\/2024\/11\/241114Gottesdienst01.jpg 345w, https:\/\/www.evang-hermagor.at\/wp-content\/uploads\/2024\/11\/241114Gottesdienst01-227x300.jpg 227w\" sizes=\"auto, (max-width: 345px) 100vw, 345px\" \/><\/figure>\n<\/div><\/div>\n\n\n\n<div class=\"wp-block-column is-layout-flow wp-block-column-is-layout-flow\">\n<div style=\"height:22px\" aria-hidden=\"true\" class=\"wp-block-spacer\"><\/div>\n\n\n\n<p class=\"has-large-font-size\">Auch Jesus Christus sprach in zahlreichen Bibelstellen \u00fcber die Familie und betonte die zentrale Rolle von Liebe, F\u00fcrsorge und Respekt innerhalb der famili\u00e4ren Beziehungen. Er lehrte, dass man Gott an erster Stelle setzen sollte, ohne dabei die Bedeutung famili\u00e4rer Bindungen und Verantwortungen zu vernachl\u00e4ssigen. Diese Lehren zeigen ein harmonisches Gleichgewicht zwischen der Verpflichtung gegen\u00fcber Gott und der F\u00fcrsorge f\u00fcr die Familie.<\/p>\n\n\n\n<p class=\"has-large-font-size\">Ein besonders eindrucksvolles Beispiel f\u00fcr diese Lehren ist das Gleichnis vom verlorenen Sohn. Auf eine herzliche und bewegende Weise erz\u00e4hlt es die Geschichte eines Vaters, der seinen verlorenen Sohn mit offenen Armen willkommen hei\u00dft, obwohl dieser ihn verlassen und sein Erbe verschwendet hatte (Lukas 15,11-32). Dieses Gleichnis unterstreicht die Bedeutung von Vergebung und Liebe innerhalb der Familie.<\/p>\n<\/div>\n<\/div>\n\n\n\n<figure class=\"wp-block-image size-full is-resized\"><img loading=\"lazy\" decoding=\"async\" width=\"479\" height=\"122\" src=\"https:\/\/www.evang-hermagor.at\/wp-content\/uploads\/2024\/02\/240228Abstand.jpg\" alt=\"\" class=\"wp-image-2130\" style=\"width:200px\" srcset=\"https:\/\/www.evang-hermagor.at\/wp-content\/uploads\/2024\/02\/240228Abstand.jpg 479w, https:\/\/www.evang-hermagor.at\/wp-content\/uploads\/2024\/02\/240228Abstand-300x76.jpg 300w\" sizes=\"auto, (max-width: 479px) 100vw, 479px\" \/><\/figure>\n\n\n\n<p class=\"has-large-font-size\">Familie ist das Fundament unserer Gesellschaft und bleibt auch heute eine der wichtigsten sozialen Einheiten. Sie bietet nicht nur emotionale Unterst\u00fctzung, sondern vermittelt auch Werte, Traditionen und kulturelle Normen. In einer sich st\u00e4ndig ver\u00e4ndernden Welt spielt die Familie eine entscheidende Rolle bei der Erziehung und Entwicklung der n\u00e4chsten Generationen.<\/p>\n\n\n\n<p class=\"has-large-font-size\">Lassen Sie uns also die Bedeutung der Familie hochhalten und die Liebe, F\u00fcrsorge und den Respekt, die Jesus uns vorgelebt hat, in unserem t\u00e4glichen Leben praktizieren und weitergeben. In der Familie finden wir Halt und Geborgenheit, die uns in allen Lebenslagen st\u00e4rken k\u00f6nnen.<\/p>\n\n\n\n<figure class=\"wp-block-image size-full is-resized\"><img loading=\"lazy\" decoding=\"async\" width=\"479\" height=\"122\" src=\"https:\/\/www.evang-hermagor.at\/wp-content\/uploads\/2024\/02\/240228Abstand.jpg\" alt=\"\" class=\"wp-image-2130\" style=\"width:200px\" srcset=\"https:\/\/www.evang-hermagor.at\/wp-content\/uploads\/2024\/02\/240228Abstand.jpg 479w, https:\/\/www.evang-hermagor.at\/wp-content\/uploads\/2024\/02\/240228Abstand-300x76.jpg 300w\" sizes=\"auto, (max-width: 479px) 100vw, 479px\" \/><\/figure>\n\n\n\n<p class=\"has-large-font-size\">Unsere Familiengottesdienste sind eine herzliche Einladung an alle, gemeinsam in die Welt des Glaubens einzutauchen und die Freude an der Gemeinschaft zu erleben. Kommen Sie vorbei und feiern Sie mit uns!<\/p>\n\n\n\n<figure class=\"wp-block-image size-full is-resized\"><img loading=\"lazy\" decoding=\"async\" width=\"479\" height=\"122\" src=\"https:\/\/www.evang-hermagor.at\/wp-content\/uploads\/2024\/02\/240228Abstand.jpg\" alt=\"\" class=\"wp-image-2130\" style=\"width:200px\" srcset=\"https:\/\/www.evang-hermagor.at\/wp-content\/uploads\/2024\/02\/240228Abstand.jpg 479w, https:\/\/www.evang-hermagor.at\/wp-content\/uploads\/2024\/02\/240228Abstand-300x76.jpg 300w\" sizes=\"auto, (max-width: 479px) 100vw, 479px\" \/><\/figure>\n\n\n\n<p><\/p>\n","protected":false},"excerpt":{"rendered":"<p>Ein Fest der Gemeinschaft f\u00fcr die ganze Familie In regelm\u00e4\u00dfigen Abst\u00e4nden oder zu besonderen kirchlichen Anl\u00e4ssen l\u00e4dt unsere Gemeinde herzlich zu einem Familiengottesdienst ein. Diese &hellip; <\/p>\n","protected":false},"author":5,"featured_media":5069,"parent":0,"menu_order":0,"comment_status":"closed","ping_status":"closed","template":"","meta":{"footnotes":""},"class_list":["post-5071","page","type-page","status-publish","has-post-thumbnail","hentry"],"_links":{"self":[{"href":"https:\/\/www.evang-hermagor.at\/index.php?rest_route=\/wp\/v2\/pages\/5071","targetHints":{"allow":["GET"]}}],"collection":[{"href":"https:\/\/www.evang-hermagor.at\/index.php?rest_route=\/wp\/v2\/pages"}],"about":[{"href":"https:\/\/www.evang-hermagor.at\/index.php?rest_route=\/wp\/v2\/types\/page"}],"author":[{"embeddable":true,"href":"https:\/\/www.evang-hermagor.at\/index.php?rest_route=\/wp\/v2\/users\/5"}],"replies":[{"embeddable":true,"href":"https:\/\/www.evang-hermagor.at\/index.php?rest_route=%2Fwp%2Fv2%2Fcomments&post=5071"}],"version-history":[{"count":27,"href":"https:\/\/www.evang-hermagor.at\/index.php?rest_route=\/wp\/v2\/pages\/5071\/revisions"}],"predecessor-version":[{"id":5106,"href":"https:\/\/www.evang-hermagor.at\/index.php?rest_route=\/wp\/v2\/pages\/5071\/revisions\/5106"}],"wp:featuredmedia":[{"embeddable":true,"href":"https:\/\/www.evang-hermagor.at\/index.php?rest_route=\/wp\/v2\/media\/5069"}],"wp:attachment":[{"href":"https:\/\/www.evang-hermagor.at\/index.php?rest_route=%2Fwp%2Fv2%2Fmedia&parent=5071"}],"curies":[{"name":"wp","href":"https:\/\/api.w.org\/{rel}","templated":true}]}}