{"id":4666,"date":"2024-11-12T09:48:33","date_gmt":"2024-11-12T09:48:33","guid":{"rendered":"https:\/\/www.evang-hermagor.at\/?page_id=4666"},"modified":"2024-12-10T18:59:09","modified_gmt":"2024-12-10T18:59:09","slug":"das-vaterunser","status":"publish","type":"page","link":"https:\/\/www.evang-hermagor.at\/?page_id=4666","title":{"rendered":"Das Vaterunser"},"content":{"rendered":"\n<h2 class=\"wp-block-heading\"><strong>Ein Gebet der Hoffnung und Hingabe<\/strong><\/h2>\n\n\n\n<p class=\"has-large-font-size\">Das Vaterunser ist das bekannteste Gebet der Christen und geht direkt auf Jesus zur\u00fcck. In den Evangelien von Matth\u00e4us und Lukas wird beschrieben, wie Jesus seine J\u00fcnger lehrte, dieses Gebet zu sprechen. Es verbindet Christen weltweit und ist in viele Sprachen \u00fcbersetzt.<\/p>\n\n\n\n<p class=\"has-large-font-size\">In jedem Gottesdienst wird das Vaterunser gesprochen, oft begleitet vom L\u00e4uten einer Glocke. So k\u00f6nnen auch diejenigen, die nicht am Gottesdienst teilnehmen k\u00f6nnen, mitbeten.<\/p>\n\n\n\n<div class=\"wp-block-columns is-layout-flex wp-container-core-columns-is-layout-9d6595d7 wp-block-columns-is-layout-flex\">\n<div class=\"wp-block-column is-layout-flow wp-block-column-is-layout-flow\">\n<details class=\"wp-block-details is-layout-flow wp-block-details-is-layout-flow\"><summary>Matth\u00e4us 6 | 9-14<\/summary>\n<p>9&nbsp;Darum sollt ihr so beten: Unser Vater im Himmel! Dein Name werde geheiligt.\u200210&nbsp;Dein Reich komme. Dein Wille geschehe wie im Himmel so auf Erden.\u200211&nbsp;Unser t\u00e4gliches Brot gib uns heute.\u200212&nbsp;Und vergib uns unsere Schuld, wie auch wir vergeben unsern Schuldigern.\u200213&nbsp;Und f\u00fchre uns nicht in Versuchung, sondern erl\u00f6se uns von dem B\u00f6sen. Denn dein ist das Reich und die Kraft und die Herrlichkeit in Ewigkeit. Amen.\u200214&nbsp;Denn wenn ihr den Menschen ihre Verfehlungen vergebt, so wird euch euer himmlischer Vater auch vergeben.<\/p>\n<\/details>\n<\/div>\n\n\n\n<div class=\"wp-block-column is-layout-flow wp-block-column-is-layout-flow\">\n<details class=\"wp-block-details is-layout-flow wp-block-details-is-layout-flow\"><summary>Lukas 11 | 1-4<\/summary>\n<p>1&nbsp;Und es begab sich, dass er an einem Ort war und betete. Als er aufgeh\u00f6rt hatte, sprach einer seiner J\u00fcnger zu ihm: Herr, lehre uns beten, wie auch Johannes seine J\u00fcnger lehrte.\u20022&nbsp;Er aber sprach zu ihnen: Wenn ihr betet, so sprecht: Vater! Dein Name werde geheiligt. Dein Reich komme.\u20023&nbsp;Gib uns unser t\u00e4glich Brot Tag f\u00fcr Tag\u20024&nbsp;und vergib uns unsre S\u00fcnden; denn auch wir vergeben jedem, der an uns schuldig wird. Und f\u00fchre uns nicht in Versuchung.<\/p>\n<\/details>\n<\/div>\n<\/div>\n\n\n\n<div style=\"height:38px\" aria-hidden=\"true\" class=\"wp-block-spacer\"><\/div>\n\n\n\n<figure class=\"wp-block-image size-full is-resized\"><img loading=\"lazy\" decoding=\"async\" width=\"479\" height=\"122\" src=\"https:\/\/www.evang-hermagor.at\/wp-content\/uploads\/2024\/02\/240228Abstand.jpg\" alt=\"\" class=\"wp-image-2130\" style=\"width:200px\" srcset=\"https:\/\/www.evang-hermagor.at\/wp-content\/uploads\/2024\/02\/240228Abstand.jpg 479w, https:\/\/www.evang-hermagor.at\/wp-content\/uploads\/2024\/02\/240228Abstand-300x76.jpg 300w\" sizes=\"auto, (max-width: 479px) 100vw, 479px\" \/><\/figure>\n\n\n\n<p class=\"has-large-font-size\">F\u00fcr evangelische Christen ist das Vaterunser ein fester Bestandteil jedes Gottesdienstes. Martin Luther und andere Reformatoren sch\u00e4tzten es sehr und nahmen es in ihre Katechismen auf, die B\u00fccher, die den christlichen Glauben erkl\u00e4ren. Luther fand das Vaterunser besonders treffend, weil es die Bed\u00fcrfnisse der Menschen klar zusammenfasst.<\/p>\n\n\n\n<p class=\"has-large-font-size\">Das Vaterunser hat eine gro\u00dfe \u00f6kumenische Bedeutung, da es in den meisten christlichen Kirchen verwendet wird. Der Aufbau der Bitten und der Sprachrhythmus sind oft \u00e4hnlich, sodass das Gebet in vielen Sprachen gleichzeitig gesprochen werden kann.<\/p>\n\n\n\n<p class=\"has-large-font-size\">Da dieses Gebet weltweit gesprochen wird schafft es ein Gef\u00fchl der Gemeinschaft und Verbundenheit. Es verinnerlicht uns, dass wir Teil einer gr\u00f6\u00dferen Glaubensgemeinschaft sind.<\/p>\n\n\n\n<figure class=\"wp-block-image size-full is-resized\"><img loading=\"lazy\" decoding=\"async\" width=\"479\" height=\"122\" src=\"https:\/\/www.evang-hermagor.at\/wp-content\/uploads\/2024\/02\/240228Abstand.jpg\" alt=\"\" class=\"wp-image-2130\" style=\"width:200px\" srcset=\"https:\/\/www.evang-hermagor.at\/wp-content\/uploads\/2024\/02\/240228Abstand.jpg 479w, https:\/\/www.evang-hermagor.at\/wp-content\/uploads\/2024\/02\/240228Abstand-300x76.jpg 300w\" sizes=\"auto, (max-width: 479px) 100vw, 479px\" \/><\/figure>\n\n\n\n<div class=\"wp-block-columns is-layout-flex wp-container-core-columns-is-layout-9d6595d7 wp-block-columns-is-layout-flex\">\n<div class=\"wp-block-column is-layout-flow wp-block-column-is-layout-flow\" style=\"flex-basis:25%\"><\/div>\n\n\n\n<div class=\"wp-block-column is-layout-flow wp-block-column-is-layout-flow\" style=\"flex-basis:50%\"><div class=\"wp-block-image\">\n<figure class=\"alignright size-full is-resized\"><img loading=\"lazy\" decoding=\"async\" width=\"401\" height=\"81\" src=\"https:\/\/www.evang-hermagor.at\/wp-content\/uploads\/2024\/10\/241027Hoeren01.jpg\" alt=\"\" class=\"wp-image-4205\" style=\"width:350px\" srcset=\"https:\/\/www.evang-hermagor.at\/wp-content\/uploads\/2024\/10\/241027Hoeren01.jpg 401w, https:\/\/www.evang-hermagor.at\/wp-content\/uploads\/2024\/10\/241027Hoeren01-300x61.jpg 300w\" sizes=\"auto, (max-width: 401px) 100vw, 401px\" \/><\/figure>\n<\/div>\n\n\n<div style=\"height:13px\" aria-hidden=\"true\" class=\"wp-block-spacer\"><\/div>\n\n\n\n<div class=\"wp-block-columns is-layout-flex wp-container-core-columns-is-layout-9d6595d7 wp-block-columns-is-layout-flex\">\n<div class=\"wp-block-column is-layout-flow wp-block-column-is-layout-flow\" style=\"flex-basis:48%\"><\/div>\n\n\n\n<div class=\"wp-block-column is-layout-flow wp-block-column-is-layout-flow\" style=\"flex-basis:66.66%\">\n<details class=\"wp-block-details is-layout-flow wp-block-details-is-layout-flow\"><summary>Gmischta S\u00e5tz<\/summary>\n<p>ist &#8222;zurzeit&#8220; ein Jugend-\/Frauenchor f\u00fcr Musikbegeisterte jeden Alters. Den Chor gibt es in dieser Formation seit September 2014. <a href=\"mailto:gmischta.satz@gmail.com\" target=\"_blank\" rel=\"noreferrer noopener\">gmischta.satz@gmail.com<\/a><\/p>\n<\/details>\n<\/div>\n<\/div>\n<\/div>\n\n\n\n<div class=\"wp-block-column is-layout-flow wp-block-column-is-layout-flow\" style=\"flex-basis:15%\">\n<figure class=\"wp-block-embed aligncenter is-type-video is-provider-youtube wp-block-embed-youtube wp-embed-aspect-16-9 wp-has-aspect-ratio\"><div class=\"wp-block-embed__wrapper\">\n<iframe loading=\"lazy\" title=\"Vater Unser | Chor Gmischta S\u00e5tz\" width=\"760\" height=\"428\" src=\"https:\/\/www.youtube.com\/embed\/0OYH4ag8Pl8?feature=oembed\" frameborder=\"0\" allow=\"accelerometer; autoplay; clipboard-write; encrypted-media; gyroscope; picture-in-picture; web-share\" referrerpolicy=\"strict-origin-when-cross-origin\" allowfullscreen><\/iframe>\n<\/div><figcaption class=\"wp-element-caption\">Vater Unser | Chor Gmischta S\u00e5tz<\/figcaption><\/figure>\n<\/div>\n<\/div>\n\n\n<div class=\"wp-block-image\">\n<figure class=\"alignright size-full is-resized\"><img loading=\"lazy\" decoding=\"async\" width=\"479\" height=\"122\" src=\"https:\/\/www.evang-hermagor.at\/wp-content\/uploads\/2024\/02\/240228Abstand.jpg\" alt=\"\" class=\"wp-image-2130\" style=\"width:200px\" srcset=\"https:\/\/www.evang-hermagor.at\/wp-content\/uploads\/2024\/02\/240228Abstand.jpg 479w, https:\/\/www.evang-hermagor.at\/wp-content\/uploads\/2024\/02\/240228Abstand-300x76.jpg 300w\" sizes=\"auto, (max-width: 479px) 100vw, 479px\" \/><\/figure>\n<\/div>\n\n\n<div style=\"height:40px\" aria-hidden=\"true\" class=\"wp-block-spacer\"><\/div>\n\n\n\n<div class=\"wp-block-columns is-layout-flex wp-container-core-columns-is-layout-9d6595d7 wp-block-columns-is-layout-flex\">\n<div class=\"wp-block-column is-layout-flow wp-block-column-is-layout-flow\" style=\"flex-basis:35%\">\n<div style=\"height:37px\" aria-hidden=\"true\" class=\"wp-block-spacer\"><\/div>\n\n\n\n<p class=\"has-large-font-size\">Wenn wir beim Gebet die H\u00e4nde falten, soll dies die Hingabe und Demut zu Gott symbolisieren, seine F\u00fchrung und Hilfe anzunehmen. Es verhindert Ablenkungen und soll das \u201ezur-Ruhe-kommen\u201c bzw. \u201ein-sich-gehen\u201c symbolisieren.<\/p>\n<\/div>\n\n\n\n<div class=\"wp-block-column is-layout-flow wp-block-column-is-layout-flow\" style=\"flex-basis:30%\">\n<figure class=\"wp-block-image size-full\"><img loading=\"lazy\" decoding=\"async\" width=\"502\" height=\"447\" src=\"https:\/\/www.evang-hermagor.at\/wp-content\/uploads\/2024\/11\/241005HaendeFalten.jpg\" alt=\"\" class=\"wp-image-4668\" srcset=\"https:\/\/www.evang-hermagor.at\/wp-content\/uploads\/2024\/11\/241005HaendeFalten.jpg 502w, https:\/\/www.evang-hermagor.at\/wp-content\/uploads\/2024\/11\/241005HaendeFalten-300x267.jpg 300w\" sizes=\"auto, (max-width: 502px) 100vw, 502px\" \/><\/figure>\n<\/div>\n\n\n\n<div class=\"wp-block-column is-layout-flow wp-block-column-is-layout-flow\" style=\"flex-basis:35%\">\n<div style=\"height:121px\" aria-hidden=\"true\" class=\"wp-block-spacer\"><\/div>\n\n\n\n<p class=\"has-large-font-size\">In vielen Kulturen und Religionen ist das Falten der H\u00e4nde eine Geste des Gebets und der Meditation. Auch bekannt, aus fern\u00f6stlichen spirituellen Praktiken wie z.B. Yoga.<\/p>\n<\/div>\n<\/div>\n\n\n\n<figure class=\"wp-block-image size-full is-resized\"><img loading=\"lazy\" decoding=\"async\" width=\"479\" height=\"122\" src=\"https:\/\/www.evang-hermagor.at\/wp-content\/uploads\/2024\/02\/240228Abstand.jpg\" alt=\"\" class=\"wp-image-2130\" style=\"width:200px\" srcset=\"https:\/\/www.evang-hermagor.at\/wp-content\/uploads\/2024\/02\/240228Abstand.jpg 479w, https:\/\/www.evang-hermagor.at\/wp-content\/uploads\/2024\/02\/240228Abstand-300x76.jpg 300w\" sizes=\"auto, (max-width: 479px) 100vw, 479px\" \/><\/figure>\n\n\n\n<div class=\"wp-block-columns is-layout-flex wp-container-core-columns-is-layout-9d6595d7 wp-block-columns-is-layout-flex\">\n<div class=\"wp-block-column is-layout-flow wp-block-column-is-layout-flow\" style=\"flex-basis:15%\"><\/div>\n\n\n\n<div class=\"wp-block-column is-layout-flow wp-block-column-is-layout-flow\" style=\"flex-basis:40%\">\n<blockquote class=\"wp-block-quote is-layout-flow wp-block-quote-is-layout-flow\">\n<p class=\"has-accent-color has-text-color has-link-color has-large-font-size wp-elements-2a7dbef49068383dfe1a2c4fab720639\"><strong>Vater unser im Himmel<\/strong><\/p>\n<\/blockquote>\n<\/div>\n\n\n\n<div class=\"wp-block-column is-layout-flow wp-block-column-is-layout-flow\" style=\"flex-basis:40%\">\n<div style=\"height:32px\" aria-hidden=\"true\" class=\"wp-block-spacer\"><\/div>\n\n\n\n<p class=\"has-large-font-size\">indem wir Gott als \u201cVater\u201d ansprechen, erkennen wir ihn als liebevollen und f\u00fcrsorglichen Sch\u00f6pfer an; und weiter, \u201eim Himmel\u201c, dass er \u00fcber allem steht und allm\u00e4chtig ist.<\/p>\n<\/div>\n<\/div>\n\n\n\n<div class=\"wp-block-columns is-layout-flex wp-container-core-columns-is-layout-9d6595d7 wp-block-columns-is-layout-flex\">\n<div class=\"wp-block-column is-layout-flow wp-block-column-is-layout-flow\" style=\"flex-basis:40%\">\n<blockquote class=\"wp-block-quote is-layout-flow wp-block-quote-is-layout-flow\">\n<p class=\"has-accent-color has-text-color has-link-color has-large-font-size wp-elements-734e932c569352604d0d08539259dd39\"><strong>Geheiligt werde dein Name<\/strong><\/p>\n<\/blockquote>\n<\/div>\n\n\n\n<div class=\"wp-block-column is-layout-flow wp-block-column-is-layout-flow\" style=\"flex-basis:40%\">\n<div style=\"height:34px\" aria-hidden=\"true\" class=\"wp-block-spacer\"><\/div>\n\n\n\n<p class=\"has-large-font-size\">Mit der Bitte \u201eGeheiligt werde dein Name\u201c w\u00fcnschen wir uns, dass Gottes Name geehrt und respektiert wird. Wir sollen uns bewusst sein, dass unser Verhalten und unsere Worte Gottes Erhabenheit widerspiegeln sollte.<\/p>\n<\/div>\n\n\n\n<div class=\"wp-block-column is-layout-flow wp-block-column-is-layout-flow\"><\/div>\n\n\n\n<div class=\"wp-block-column is-layout-flow wp-block-column-is-layout-flow\" style=\"flex-basis:15%\"><\/div>\n<\/div>\n\n\n\n<div class=\"wp-block-columns is-layout-flex wp-container-core-columns-is-layout-9d6595d7 wp-block-columns-is-layout-flex\">\n<div class=\"wp-block-column is-layout-flow wp-block-column-is-layout-flow\" style=\"flex-basis:15%\"><\/div>\n\n\n\n<div class=\"wp-block-column is-layout-flow wp-block-column-is-layout-flow\" style=\"flex-basis:40%\">\n<blockquote class=\"wp-block-quote is-layout-flow wp-block-quote-is-layout-flow\">\n<p class=\"has-accent-color has-text-color has-link-color has-large-font-size wp-elements-de794d48f70bb4c9fb4b7fa36ae58369\"><strong>Dein Reich komme<\/strong><\/p>\n<\/blockquote>\n<\/div>\n\n\n\n<div class=\"wp-block-column is-layout-flow wp-block-column-is-layout-flow\" style=\"flex-basis:40%\">\n<div style=\"height:32px\" aria-hidden=\"true\" class=\"wp-block-spacer\"><\/div>\n\n\n\n<p class=\"has-large-font-size\">ist ein Ausdruck der Hoffnung, dass Gottes Gerechtigkeit in der Welt durchgesetzt werde. Diese Bitte beinhaltet auch den Wunsch nach einer Welt, die frei von Leid und Ungerechtigkeit ist.<\/p>\n<\/div>\n<\/div>\n\n\n\n<div class=\"wp-block-columns is-layout-flex wp-container-core-columns-is-layout-9d6595d7 wp-block-columns-is-layout-flex\">\n<div class=\"wp-block-column is-layout-flow wp-block-column-is-layout-flow\" style=\"flex-basis:40%\">\n<blockquote class=\"wp-block-quote is-layout-flow wp-block-quote-is-layout-flow\">\n<p class=\"has-accent-color has-text-color has-link-color has-large-font-size wp-elements-4ae5d3537afcd9daf91559e0f24fc815\"><strong>Dein Wille geschehe<\/strong><\/p>\n<\/blockquote>\n<\/div>\n\n\n\n<div class=\"wp-block-column is-layout-flow wp-block-column-is-layout-flow\" style=\"flex-basis:40%\">\n<div style=\"height:34px\" aria-hidden=\"true\" class=\"wp-block-spacer\"><\/div>\n\n\n\n<p class=\"has-large-font-size\">Die Worte&nbsp; \u201cDein Wille geschehe<strong>\u201d<\/strong> helfen uns, unser Vertrauen in Gott auszudr\u00fccken oder wieder zu st\u00e4rken<strong>.<\/strong> Es f\u00e4llt uns leichter schwierige Situationen anzunehmen und darauf zu vertrauen, dass alles einen Sinn hat.<\/p>\n<\/div>\n\n\n\n<div class=\"wp-block-column is-layout-flow wp-block-column-is-layout-flow\"><\/div>\n\n\n\n<div class=\"wp-block-column is-layout-flow wp-block-column-is-layout-flow\" style=\"flex-basis:15%\"><\/div>\n<\/div>\n\n\n\n<div class=\"wp-block-columns is-layout-flex wp-container-core-columns-is-layout-9d6595d7 wp-block-columns-is-layout-flex\">\n<div class=\"wp-block-column is-layout-flow wp-block-column-is-layout-flow\" style=\"flex-basis:15%\"><\/div>\n\n\n\n<div class=\"wp-block-column is-layout-flow wp-block-column-is-layout-flow\" style=\"flex-basis:40%\">\n<blockquote class=\"wp-block-quote is-layout-flow wp-block-quote-is-layout-flow\">\n<p class=\"has-accent-color has-text-color has-link-color has-large-font-size wp-elements-acb50307b99c324219a1aa539ced597e\"><strong>Wie im Himmel so  auf Erden<\/strong><\/p>\n<\/blockquote>\n<\/div>\n\n\n\n<div class=\"wp-block-column is-layout-flow wp-block-column-is-layout-flow\" style=\"flex-basis:40%\">\n<div style=\"height:32px\" aria-hidden=\"true\" class=\"wp-block-spacer\"><\/div>\n\n\n\n<p class=\"has-large-font-size\">dr\u00fcckt den Wunsch aus, dass Gottes Wille nicht nur im Himmel, wo sein Reich voll und ganz verwirklicht ist, sondern auch hier auf Erden geschehe. Es ist ein Ausdruck des Vertrauens und der Hoffnung, dass Gottes perfekte Ordnung und seine Liebe auch in unserer weltlichen Existenz sichtbar und erlebbar werden.<\/p>\n<\/div>\n<\/div>\n\n\n\n<div class=\"wp-block-columns is-layout-flex wp-container-core-columns-is-layout-9d6595d7 wp-block-columns-is-layout-flex\">\n<div class=\"wp-block-column is-layout-flow wp-block-column-is-layout-flow\" style=\"flex-basis:40%\">\n<blockquote class=\"wp-block-quote is-layout-flow wp-block-quote-is-layout-flow\">\n<p class=\"has-accent-color has-text-color has-link-color has-large-font-size wp-elements-99853fe42150ff14d2a0ebaefa39af4d\"><strong>Unser t\u00e4gliches Brot gib uns heute<\/strong><\/p>\n<\/blockquote>\n<\/div>\n\n\n\n<div class=\"wp-block-column is-layout-flow wp-block-column-is-layout-flow\" style=\"flex-basis:40%\">\n<div style=\"height:34px\" aria-hidden=\"true\" class=\"wp-block-spacer\"><\/div>\n\n\n\n<p class=\"has-large-font-size\">Die Bitte soll uns daran erinnern, dass Gott f\u00fcr unsere t\u00e4glichen Bed\u00fcrfnisse sorgt. Dies kann uns Dankbarkeit lehren und uns helfen, uns auf das Wesentliche zu konzentrieren.<\/p>\n<\/div>\n\n\n\n<div class=\"wp-block-column is-layout-flow wp-block-column-is-layout-flow\"><\/div>\n\n\n\n<div class=\"wp-block-column is-layout-flow wp-block-column-is-layout-flow\" style=\"flex-basis:15%\"><\/div>\n<\/div>\n\n\n\n<div class=\"wp-block-columns is-layout-flex wp-container-core-columns-is-layout-9d6595d7 wp-block-columns-is-layout-flex\">\n<div class=\"wp-block-column is-layout-flow wp-block-column-is-layout-flow\" style=\"flex-basis:15%\"><\/div>\n\n\n\n<div class=\"wp-block-column is-layout-flow wp-block-column-is-layout-flow\" style=\"flex-basis:40%\">\n<blockquote class=\"wp-block-quote is-layout-flow wp-block-quote-is-layout-flow\">\n<p class=\"has-accent-color has-text-color has-link-color has-large-font-size wp-elements-3e85394e9265876c8aee6260d4247116\"><strong>Vergib uns unsere Schuld, wie auch wir vergeben unsern<br>Schuldigern<\/strong><\/p>\n<\/blockquote>\n<\/div>\n\n\n\n<div class=\"wp-block-column is-layout-flow wp-block-column-is-layout-flow\" style=\"flex-basis:40%\">\n<div style=\"height:32px\" aria-hidden=\"true\" class=\"wp-block-spacer\"><\/div>\n\n\n\n<p class=\"has-large-font-size\">Diese Bitte soll uns ermutigen, Vergebung zu suchen und zu gew\u00e4hren, um inneren Frieden zu finden und Beziehungen zu heilen.<\/p>\n<\/div>\n<\/div>\n\n\n\n<div class=\"wp-block-columns is-layout-flex wp-container-core-columns-is-layout-9d6595d7 wp-block-columns-is-layout-flex\">\n<div class=\"wp-block-column is-layout-flow wp-block-column-is-layout-flow\" style=\"flex-basis:40%\">\n<blockquote class=\"wp-block-quote is-layout-flow wp-block-quote-is-layout-flow\">\n<p class=\"has-accent-color has-text-color has-link-color has-large-font-size wp-elements-d54ac39a4dab97a78226c8fde31e75ce\"><strong>Und f\u00fchre uns nicht in Versuchung, sondern erl\u00f6se uns von dem<br>B\u00f6sen<\/strong><\/p>\n<\/blockquote>\n<\/div>\n\n\n\n<div class=\"wp-block-column is-layout-flow wp-block-column-is-layout-flow\" style=\"flex-basis:40%\">\n<div style=\"height:34px\" aria-hidden=\"true\" class=\"wp-block-spacer\"><\/div>\n\n\n\n<p class=\"has-large-font-size\">Eine Bitte um Schutz und F\u00fchrung. Es kann uns Kraft geben, Versuchungen zu widerstehen und auf dem richtigen Weg zu bleiben.<\/p>\n<\/div>\n\n\n\n<div class=\"wp-block-column is-layout-flow wp-block-column-is-layout-flow\"><\/div>\n\n\n\n<div class=\"wp-block-column is-layout-flow wp-block-column-is-layout-flow\" style=\"flex-basis:15%\"><\/div>\n<\/div>\n\n\n\n<div class=\"wp-block-columns is-layout-flex wp-container-core-columns-is-layout-9d6595d7 wp-block-columns-is-layout-flex\">\n<div class=\"wp-block-column is-layout-flow wp-block-column-is-layout-flow\" style=\"flex-basis:15%\"><\/div>\n\n\n\n<div class=\"wp-block-column is-layout-flow wp-block-column-is-layout-flow\" style=\"flex-basis:40%\">\n<blockquote class=\"wp-block-quote is-layout-flow wp-block-quote-is-layout-flow\">\n<p class=\"has-accent-color has-text-color has-link-color has-large-font-size wp-elements-65aee16d88ebcaf8df01fa4cd2aca333\"><strong>Denn dein ist das Reich und die Kraft und die Herrlichkeit,<br>in Ewigkeit<\/strong><\/p>\n<\/blockquote>\n<\/div>\n\n\n\n<div class=\"wp-block-column is-layout-flow wp-block-column-is-layout-flow\" style=\"flex-basis:40%\">\n<div style=\"height:32px\" aria-hidden=\"true\" class=\"wp-block-spacer\"><\/div>\n\n\n\n<p class=\"has-large-font-size\">Diese abschlie\u00dfenden Worte sollen das Bekenntnis sein, dass alles letztlich in Gottes H\u00e4nden liegt und dass seine Herrschaft ewig ist. Es soll die Betenden erinnern, dass Gottes Macht und Herrlichkeit \u00fcber die irdische Existenz hinausgehen und ewig bestehen.<\/p>\n<\/div>\n<\/div>\n\n\n\n<div class=\"wp-block-columns is-layout-flex wp-container-core-columns-is-layout-9d6595d7 wp-block-columns-is-layout-flex\">\n<div class=\"wp-block-column is-layout-flow wp-block-column-is-layout-flow\" style=\"flex-basis:40%\">\n<blockquote class=\"wp-block-quote is-layout-flow wp-block-quote-is-layout-flow\">\n<p class=\"has-accent-color has-text-color has-link-color has-large-font-size wp-elements-80cdd3ea72e66ea11313a8f5963409d0\"><strong>Amen<\/strong><\/p>\n<\/blockquote>\n<\/div>\n\n\n\n<div class=\"wp-block-column is-layout-flow wp-block-column-is-layout-flow\" style=\"flex-basis:40%\">\n<div style=\"height:34px\" aria-hidden=\"true\" class=\"wp-block-spacer\"><\/div>\n\n\n\n<p class=\"has-large-font-size\">Das Wort \u201cAmen\u201d bedeutet \u201cso sei es\u201d und dr\u00fcckt die Zustimmung und das Vertrauen der Betenden in die Wahrheit und Erf\u00fcllung des Gebets aus.<\/p>\n<\/div>\n\n\n\n<div class=\"wp-block-column is-layout-flow wp-block-column-is-layout-flow\"><\/div>\n\n\n\n<div class=\"wp-block-column is-layout-flow wp-block-column-is-layout-flow\" style=\"flex-basis:15%\"><\/div>\n<\/div>\n\n\n\n<figure class=\"wp-block-image size-full is-resized\"><img loading=\"lazy\" decoding=\"async\" width=\"479\" height=\"122\" src=\"https:\/\/www.evang-hermagor.at\/wp-content\/uploads\/2024\/02\/240228Abstand.jpg\" alt=\"\" class=\"wp-image-2130\" style=\"width:200px\" srcset=\"https:\/\/www.evang-hermagor.at\/wp-content\/uploads\/2024\/02\/240228Abstand.jpg 479w, https:\/\/www.evang-hermagor.at\/wp-content\/uploads\/2024\/02\/240228Abstand-300x76.jpg 300w\" sizes=\"auto, (max-width: 479px) 100vw, 479px\" \/><\/figure>\n\n\n\n<div class=\"wp-block-columns is-layout-flex wp-container-core-columns-is-layout-9d6595d7 wp-block-columns-is-layout-flex\">\n<div class=\"wp-block-column is-layout-flow wp-block-column-is-layout-flow\" style=\"flex-basis:25%\"><\/div>\n\n\n\n<div class=\"wp-block-column is-layout-flow wp-block-column-is-layout-flow\" style=\"flex-basis:50%\"><div class=\"wp-block-image\">\n<figure class=\"alignright size-full is-resized\"><img loading=\"lazy\" decoding=\"async\" width=\"401\" height=\"81\" src=\"https:\/\/www.evang-hermagor.at\/wp-content\/uploads\/2024\/10\/241027Hoeren01.jpg\" alt=\"\" class=\"wp-image-4205\" style=\"width:350px\" srcset=\"https:\/\/www.evang-hermagor.at\/wp-content\/uploads\/2024\/10\/241027Hoeren01.jpg 401w, https:\/\/www.evang-hermagor.at\/wp-content\/uploads\/2024\/10\/241027Hoeren01-300x61.jpg 300w\" sizes=\"auto, (max-width: 401px) 100vw, 401px\" \/><\/figure>\n<\/div>\n\n\n<div style=\"height:13px\" aria-hidden=\"true\" class=\"wp-block-spacer\"><\/div>\n\n\n\n<div class=\"wp-block-columns is-layout-flex wp-container-core-columns-is-layout-9d6595d7 wp-block-columns-is-layout-flex\">\n<div class=\"wp-block-column is-layout-flow wp-block-column-is-layout-flow\" style=\"flex-basis:48%\"><\/div>\n\n\n\n<div class=\"wp-block-column is-layout-flow wp-block-column-is-layout-flow\" style=\"flex-basis:66.66%\">\n<details class=\"wp-block-details is-layout-flow wp-block-details-is-layout-flow\"><summary>Das Gebet<\/summary>\n<p>&#8222;Vater unser&#8220; aus Matth\u00e4us 6,9-13 wird von der Gemeinde gesungen (Amateuraufnahme).<\/p>\n<\/details>\n<\/div>\n<\/div>\n<\/div>\n\n\n\n<div class=\"wp-block-column is-layout-flow wp-block-column-is-layout-flow\" style=\"flex-basis:15%\">\n<figure class=\"wp-block-embed aligncenter is-type-video is-provider-youtube wp-block-embed-youtube wp-embed-aspect-16-9 wp-has-aspect-ratio\"><div class=\"wp-block-embed__wrapper\">\n<iframe loading=\"lazy\" title=\"Vater Unser - das Gebet als Lied.wmv\" width=\"760\" height=\"428\" src=\"https:\/\/www.youtube.com\/embed\/8ulJMs37Qm4?feature=oembed\" frameborder=\"0\" allow=\"accelerometer; autoplay; clipboard-write; encrypted-media; gyroscope; picture-in-picture; web-share\" referrerpolicy=\"strict-origin-when-cross-origin\" allowfullscreen><\/iframe>\n<\/div><figcaption class=\"wp-element-caption\">Vater Unser &#8211; das Gebet als Lied<\/figcaption><\/figure>\n<\/div>\n<\/div>\n\n\n<div class=\"wp-block-image\">\n<figure class=\"aligncenter size-full\"><img loading=\"lazy\" decoding=\"async\" width=\"587\" height=\"775\" src=\"https:\/\/www.evang-hermagor.at\/wp-content\/uploads\/2024\/11\/241112VaterUnser01.jpg\" alt=\"\" class=\"wp-image-4735\" srcset=\"https:\/\/www.evang-hermagor.at\/wp-content\/uploads\/2024\/11\/241112VaterUnser01.jpg 587w, https:\/\/www.evang-hermagor.at\/wp-content\/uploads\/2024\/11\/241112VaterUnser01-227x300.jpg 227w\" sizes=\"auto, (max-width: 587px) 100vw, 587px\" \/><\/figure>\n<\/div>\n\n<div class=\"wp-block-image\">\n<figure class=\"aligncenter size-full is-resized\"><img loading=\"lazy\" decoding=\"async\" width=\"479\" height=\"122\" src=\"https:\/\/www.evang-hermagor.at\/wp-content\/uploads\/2024\/02\/240228Abstand.jpg\" alt=\"\" class=\"wp-image-2130\" style=\"width:250px\" srcset=\"https:\/\/www.evang-hermagor.at\/wp-content\/uploads\/2024\/02\/240228Abstand.jpg 479w, https:\/\/www.evang-hermagor.at\/wp-content\/uploads\/2024\/02\/240228Abstand-300x76.jpg 300w\" sizes=\"auto, (max-width: 479px) 100vw, 479px\" \/><\/figure>\n<\/div>","protected":false},"excerpt":{"rendered":"<p>Ein Gebet der Hoffnung und Hingabe Das Vaterunser ist das bekannteste Gebet der Christen und geht direkt auf Jesus zur\u00fcck. In den Evangelien von Matth\u00e4us &hellip; <\/p>\n","protected":false},"author":5,"featured_media":4670,"parent":0,"menu_order":0,"comment_status":"closed","ping_status":"closed","template":"","meta":{"footnotes":""},"class_list":["post-4666","page","type-page","status-publish","has-post-thumbnail","hentry"],"_links":{"self":[{"href":"https:\/\/www.evang-hermagor.at\/index.php?rest_route=\/wp\/v2\/pages\/4666","targetHints":{"allow":["GET"]}}],"collection":[{"href":"https:\/\/www.evang-hermagor.at\/index.php?rest_route=\/wp\/v2\/pages"}],"about":[{"href":"https:\/\/www.evang-hermagor.at\/index.php?rest_route=\/wp\/v2\/types\/page"}],"author":[{"embeddable":true,"href":"https:\/\/www.evang-hermagor.at\/index.php?rest_route=\/wp\/v2\/users\/5"}],"replies":[{"embeddable":true,"href":"https:\/\/www.evang-hermagor.at\/index.php?rest_route=%2Fwp%2Fv2%2Fcomments&post=4666"}],"version-history":[{"count":53,"href":"https:\/\/www.evang-hermagor.at\/index.php?rest_route=\/wp\/v2\/pages\/4666\/revisions"}],"predecessor-version":[{"id":5198,"href":"https:\/\/www.evang-hermagor.at\/index.php?rest_route=\/wp\/v2\/pages\/4666\/revisions\/5198"}],"wp:featuredmedia":[{"embeddable":true,"href":"https:\/\/www.evang-hermagor.at\/index.php?rest_route=\/wp\/v2\/media\/4670"}],"wp:attachment":[{"href":"https:\/\/www.evang-hermagor.at\/index.php?rest_route=%2Fwp%2Fv2%2Fmedia&parent=4666"}],"curies":[{"name":"wp","href":"https:\/\/api.w.org\/{rel}","templated":true}]}}