{"id":4524,"date":"2024-11-03T10:00:09","date_gmt":"2024-11-03T10:00:09","guid":{"rendered":"https:\/\/www.evang-hermagor.at\/?page_id=4524"},"modified":"2024-11-06T05:48:12","modified_gmt":"2024-11-06T05:48:12","slug":"plauderecke","status":"publish","type":"page","link":"https:\/\/www.evang-hermagor.at\/?page_id=4524","title":{"rendered":"Resonanz &amp; Echo"},"content":{"rendered":"\n<p class=\"has-large-font-size\"><strong>Euer Wort, eure Stimmen, eure Resonanz, eure Eindr\u00fccke, euer Echo<\/strong><\/p>\n\n\n\n<p class=\"has-large-font-size\">Willkommen in der digitalen Plauderecke der Evangelischen Pfarrgemeinde Hermagor | Watschig!<\/p>\n\n\n\n<p class=\"has-large-font-size\">Genau wie unser traditionelles G\u00e4stebuch in der Kirche laden wir euch ein, hier eure Gedanken, W\u00fcnsche, Anregungen und Inspirationen zu teilen. Eure handschriftlichen Eintr\u00e4ge sind uns wertvoll, und wir m\u00f6chten diese sch\u00f6ne Tradition auch online fortf\u00fchren.<\/p>\n\n\n\n<p class=\"has-large-font-size\">Bitte beachtet, dass wir auf einen respektvollen und wertsch\u00e4tzenden Umgang miteinander achten. Beitr\u00e4ge, die diskriminierend, entw\u00fcrdigend, fremdenfeindlich oder beleidigend sind, werden entfernt. Lasst uns diesen Raum nutzen, um positive und inspirierende Gedanken zu teilen und einander zu bereichern.<\/p>\n\n\n\n<p class=\"has-large-font-size\">Wir freuen uns auf eure Eintr\u00e4ge und Gedanken!<\/p>\n\n\n\n<figure class=\"wp-block-image size-full is-resized\"><img loading=\"lazy\" decoding=\"async\" width=\"479\" height=\"122\" src=\"https:\/\/www.evang-hermagor.at\/wp-content\/uploads\/2024\/02\/240228Abstand.jpg\" alt=\"\" class=\"wp-image-2130\" style=\"width:300px\" srcset=\"https:\/\/www.evang-hermagor.at\/wp-content\/uploads\/2024\/02\/240228Abstand.jpg 479w, https:\/\/www.evang-hermagor.at\/wp-content\/uploads\/2024\/02\/240228Abstand-300x76.jpg 300w\" sizes=\"auto, (max-width: 479px) 100vw, 479px\" \/><\/figure>\n","protected":false},"excerpt":{"rendered":"<p>Euer Wort, eure Stimmen, eure Resonanz, eure Eindr\u00fccke, euer Echo Willkommen in der digitalen Plauderecke der Evangelischen Pfarrgemeinde Hermagor | Watschig! Genau wie unser traditionelles &hellip; <\/p>\n","protected":false},"author":5,"featured_media":4560,"parent":0,"menu_order":0,"comment_status":"open","ping_status":"closed","template":"","meta":{"footnotes":""},"class_list":["post-4524","page","type-page","status-publish","has-post-thumbnail","hentry"],"_links":{"self":[{"href":"https:\/\/www.evang-hermagor.at\/index.php?rest_route=\/wp\/v2\/pages\/4524","targetHints":{"allow":["GET"]}}],"collection":[{"href":"https:\/\/www.evang-hermagor.at\/index.php?rest_route=\/wp\/v2\/pages"}],"about":[{"href":"https:\/\/www.evang-hermagor.at\/index.php?rest_route=\/wp\/v2\/types\/page"}],"author":[{"embeddable":true,"href":"https:\/\/www.evang-hermagor.at\/index.php?rest_route=\/wp\/v2\/users\/5"}],"replies":[{"embeddable":true,"href":"https:\/\/www.evang-hermagor.at\/index.php?rest_route=%2Fwp%2Fv2%2Fcomments&post=4524"}],"version-history":[{"count":6,"href":"https:\/\/www.evang-hermagor.at\/index.php?rest_route=\/wp\/v2\/pages\/4524\/revisions"}],"predecessor-version":[{"id":4561,"href":"https:\/\/www.evang-hermagor.at\/index.php?rest_route=\/wp\/v2\/pages\/4524\/revisions\/4561"}],"wp:featuredmedia":[{"embeddable":true,"href":"https:\/\/www.evang-hermagor.at\/index.php?rest_route=\/wp\/v2\/media\/4560"}],"wp:attachment":[{"href":"https:\/\/www.evang-hermagor.at\/index.php?rest_route=%2Fwp%2Fv2%2Fmedia&parent=4524"}],"curies":[{"name":"wp","href":"https:\/\/api.w.org\/{rel}","templated":true}]}}