{"id":3954,"date":"2024-10-29T19:54:32","date_gmt":"2024-10-29T19:54:32","guid":{"rendered":"https:\/\/www.evang-hermagor.at\/?page_id=3954"},"modified":"2025-03-03T15:25:46","modified_gmt":"2025-03-03T15:25:46","slug":"8-1-kontakt-pfarrer","status":"publish","type":"page","link":"https:\/\/www.evang-hermagor.at\/?page_id=3954","title":{"rendered":"EINFACH &#038; DIREKT zu unserem Pfarrer"},"content":{"rendered":"\n<h2 class=\"wp-block-heading\"><strong>Ihr Begleiter im Glauben<\/strong><\/h2>\n\n\n\n<div class=\"wp-block-columns is-layout-flex wp-container-core-columns-is-layout-9d6595d7 wp-block-columns-is-layout-flex\">\n<div class=\"wp-block-column is-layout-flow wp-block-column-is-layout-flow\"><div class=\"wp-block-image\">\n<figure class=\"aligncenter size-full is-resized\"><img loading=\"lazy\" decoding=\"async\" width=\"371\" height=\"508\" src=\"https:\/\/www.evang-hermagor.at\/wp-content\/uploads\/2025\/03\/250303AmbroschReinhardTalar.jpg\" alt=\"\" class=\"wp-image-5887\" style=\"width:200px\" srcset=\"https:\/\/www.evang-hermagor.at\/wp-content\/uploads\/2025\/03\/250303AmbroschReinhardTalar.jpg 371w, https:\/\/www.evang-hermagor.at\/wp-content\/uploads\/2025\/03\/250303AmbroschReinhardTalar-219x300.jpg 219w\" sizes=\"auto, (max-width: 371px) 100vw, 371px\" \/><\/figure>\n<\/div><\/div>\n\n\n\n<div class=\"wp-block-column is-layout-flow wp-block-column-is-layout-flow\">\n<div style=\"height:40px\" aria-hidden=\"true\" class=\"wp-block-spacer\"><\/div>\n\n\n\n<p class=\"has-large-font-size\">Pfarrer<\/p>\n\n\n\n<p class=\"has-large-font-size\"><strong><span class='tooltipsall tooltipsincontent classtoolTips1'>Mag. <span class='tooltipsall tooltipsincontent classtoolTips1'>Reinhard Ambrosch<\/span><\/span><\/strong><\/p>\n\n\n\n<p class=\"has-large-font-size\">Tel.:&nbsp;&nbsp;&nbsp;&nbsp;&nbsp;&nbsp;&nbsp;&nbsp;&nbsp;&nbsp;&nbsp;&nbsp;&nbsp;&nbsp; +43 4282 2135<\/p>\n\n\n\n<p class=\"has-large-font-size\">Mobil:&nbsp; +43&nbsp;699 1887 7220<\/p>\n\n\n\n<div style=\"height:22px\" aria-hidden=\"true\" class=\"wp-block-spacer\"><\/div>\n\n\n\n<p class=\"has-large-font-size\">E-Mail: <a href=\"mailto:evang.hermagor@gmx.at\">evang.hermagor@gmx.at<\/a><\/p>\n<\/div>\n<\/div>\n\n\n\n<p class=\"has-large-font-size\"><span class='tooltipsall tooltipsincontent classtoolTips1'>Reinhard Ambrosch<\/span> ist seit 2010 Pfarrer der Pfarrgemeinde Hermagor und der Tochtergemeinde Watschig. Neben der geistlichen und seelsorgerischen Aufgabe in der Pfarrgemeinde, unterrichtet Pfarrer Ambrosch das Unterrichtsfach Religion am BRG und der HLW Hermagor.<\/p>\n\n\n\n<p class=\"has-large-font-size\">Haben sie Fragen oder m\u00f6chten sie mehr \u00fcber den Glauben und die Gemeinschaft der Evangelischen Kirche erfahren? Pfarrer <span class='tooltipsall tooltipsincontent classtoolTips1'>Reinhard Ambrosch<\/span> ist f\u00fcr sie da! Ob f\u00fcr ein pers\u00f6nliches Gespr\u00e4ch, seelsorgerliche Unterst\u00fctzung oder Informationen zur Taufe und anderen kirchlichen Anl\u00e4ssen \u2013 kontaktieren sie ihn gerne.<\/p>\n\n\n\n<p class=\"has-large-font-size\">Pfarrer Ambrosch freut sich darauf ihnen zur Seite zu stehen.<\/p>\n\n\n\n<p class=\"has-text-align-right has-large-font-size\"><a href=\"https:\/\/www.evang-hermagor.at\/?page_id=3921\">zur\u00fcck<\/a> \u25ba<\/p>\n\n\n\n<figure class=\"wp-block-image size-medium\"><img loading=\"lazy\" decoding=\"async\" width=\"300\" height=\"76\" src=\"https:\/\/www.evang-hermagor.at\/wp-content\/uploads\/2024\/02\/240228Abstand-300x76.jpg\" alt=\"\" class=\"wp-image-2130\" srcset=\"https:\/\/www.evang-hermagor.at\/wp-content\/uploads\/2024\/02\/240228Abstand-300x76.jpg 300w, https:\/\/www.evang-hermagor.at\/wp-content\/uploads\/2024\/02\/240228Abstand.jpg 479w\" sizes=\"auto, (max-width: 300px) 100vw, 300px\" \/><\/figure>\n\n\n\n<p><\/p>\n<script type=\"text\/javascript\"> toolTips('.classtoolTips1','<ul><br\/> \t<li>Mobil:\u00a0 +43 699 1887 7220<\/li><br\/> \t<li>Mail: <a href=\"mailto:evang.hermagor@gmx.at\">evang.hermagor@gmx.at<\/a><\/li><br\/><\/ul>'); <\/script><script type=\"text\/javascript\"> toolTips('.classtoolTips1','<ul><br\/> \t<li>Mobil:\u00a0 +43 699 1887 7220<\/li><br\/> \t<li>Mail: <a href=\"mailto:evang.hermagor@gmx.at\">evang.hermagor@gmx.at<\/a><\/li><br\/><\/ul>'); <\/script>","protected":false},"excerpt":{"rendered":"<p>Ihr Begleiter im Glauben Pfarrer Mag. Reinhard Ambrosch Tel.:&nbsp;&nbsp;&nbsp;&nbsp;&nbsp;&nbsp;&nbsp;&nbsp;&nbsp;&nbsp;&nbsp;&nbsp;&nbsp;&nbsp; +43 4282 2135 Mobil:&nbsp; +43&nbsp;699 1887 7220 E-Mail: evang.hermagor@gmx.at Reinhard Ambrosch ist seit 2010 Pfarrer der &hellip; <\/p>\n","protected":false},"author":5,"featured_media":4008,"parent":0,"menu_order":0,"comment_status":"closed","ping_status":"closed","template":"","meta":{"footnotes":""},"class_list":["post-3954","page","type-page","status-publish","has-post-thumbnail","hentry"],"_links":{"self":[{"href":"https:\/\/www.evang-hermagor.at\/index.php?rest_route=\/wp\/v2\/pages\/3954","targetHints":{"allow":["GET"]}}],"collection":[{"href":"https:\/\/www.evang-hermagor.at\/index.php?rest_route=\/wp\/v2\/pages"}],"about":[{"href":"https:\/\/www.evang-hermagor.at\/index.php?rest_route=\/wp\/v2\/types\/page"}],"author":[{"embeddable":true,"href":"https:\/\/www.evang-hermagor.at\/index.php?rest_route=\/wp\/v2\/users\/5"}],"replies":[{"embeddable":true,"href":"https:\/\/www.evang-hermagor.at\/index.php?rest_route=%2Fwp%2Fv2%2Fcomments&post=3954"}],"version-history":[{"count":13,"href":"https:\/\/www.evang-hermagor.at\/index.php?rest_route=\/wp\/v2\/pages\/3954\/revisions"}],"predecessor-version":[{"id":5888,"href":"https:\/\/www.evang-hermagor.at\/index.php?rest_route=\/wp\/v2\/pages\/3954\/revisions\/5888"}],"wp:featuredmedia":[{"embeddable":true,"href":"https:\/\/www.evang-hermagor.at\/index.php?rest_route=\/wp\/v2\/media\/4008"}],"wp:attachment":[{"href":"https:\/\/www.evang-hermagor.at\/index.php?rest_route=%2Fwp%2Fv2%2Fmedia&parent=3954"}],"curies":[{"name":"wp","href":"https:\/\/api.w.org\/{rel}","templated":true}]}}